e 7
41
What is 96 (base 12) in base 4?
1302
104 (base 7) to base 2
110101
1 (base 2) to base 16
1
Convert 41 (base 9) to base 15.
27
-85 (base 13) to base 14
-7b
-1 (base 9) to base 3
-1
11 (base 2) to base 14
3
What is -8 (base 11) in base 5?
-13
Convert 12 (base 3) to base 6.
5
Convert -6 (base 9) to base 8.
-6
What is -3 (base 6) in base 13?
-3
Convert 11 (base 6) to base 9.
7
-3 (base 6) to base 11
-3
What is 0 (base 7) in base 4?
0
What is 0 (base 15) in base 6?
0
What is 30 (base 5) in base 7?
21
What is 29 (base 12) in base 8?
41
What is -22 (base 7) in base 10?
-16
-3 (base 7) to base 12
-3
Convert 49 (base 11) to base 7.
104
What is -14 (base 15) in base 4?
-103
113 (base 6) to base 13
36
What is -b (base 16) in base 4?
-23
What is 422 (base 6) in base 11?
134
16a (base 11) to base 7
401
What is 2103 (base 4) in base 14?
a7
Convert -249 (base 11) to base 14.
-171
-36 (base 14) to base 4
-300
Convert -2 (base 5) to base 13.
-2
-12 (base 16) to base 4
-102
What is 37 (base 9) in base 14?
26
2 (base 10) to base 12
2
-31 (base 12) to base 10
-37
What is 11 (base 3) in base 14?
4
What is -b (base 13) in base 7?
-14
-133 (base 12) to base 4
-2313
Convert a (base 11) to base 8.
12
46 (base 7) to base 12
2a
What is 0 (base 6) in base 14?
0
What is 13 (base 4) in base 7?
10
Convert -3 (base 12) to base 13.
-3
-1 (base 12) to base 10
-1
-2 (base 5) to base 6
-2
Convert -4 (base 15) to base 6.
-4
Convert -3 (base 6) to base 15.
-3
Convert -9 (base 11) to base 6.
-13
-11211 (base 3) to base 7
-244
Convert 340 (base 5) to base 6.
235
Convert -3 (base 10) to base 14.
-3
Convert -100 (base 2) to base 15.
-4
13 (base 4) to base 12
7
1021 (base 3) to base 9
37
What is 254 (base 10) in base 8?
376
-11 (base 2) to base 13
-3
Convert 1 (base 7) to base 10.
1
What is -a1 (base 11) in base 9?
-133
6 (base 8) to base 12
6
Convert 6 (base 12) to base 13.
6
32 (base 7) to base 10
23
Convert -1 (base 6) to base 2.
-1
What is 1 (base 10) in base 14?
1
-42 (base 7) to base 3
-1010
Convert 1 (base 4) to base 8.
1
What is -20 (base 7) in base 11?
-13
Convert 3 (base 7) to base 13.
3
What is -58 (base 10) in base 9?
-64
What is -116 (base 8) in base 7?
-141
Convert -d (base 16) to base 6.
-21
What is -61 (base 7) in base 9?
-47
-36 (base 7) to base 9
-30
2 (base 13) to base 5
2
What is -11 (base 6) in base 16?
-7
-12 (base 8) to base 12
-a
What is -9 (base 10) in base 5?
-14
Convert e9 (base 15) to base 4.
3123
Convert -8 (base 11) to base 10.
-8
-81 (base 10) to base 11
-74
-2 (base 14) to base 10
-2
Convert 3 (base 10) to base 13.
3
What is -6 (base 13) in base 6?
-10
What is -11 (base 3) in base 15?
-4
What is 6 (base 8) in base 5?
11
What is b (base 14) in base 16?
b
What is 12 (base 13) in base 14?
11
Convert -82 (base 13) to base 12.
-8a
-10 (base 2) to base 3
-2
-6 (base 14) to base 12
-6
What is 4 (base 9) in base 4?
10
11 (base 4) to base 8
5
Convert 0 (base 4) to base 7.
0
What is 202 (base 3) in base 5?
40
112220 (base 3) to base 8
622
Convert -30 (base 10) to base 15.
-20
What is 435 (base 6) in base 11?
142
What is -40 (base 11) in base 10?
-44
15 (base 9) to base 3
112
Convert -1110 (base 2) to base 13.
-11
Convert -1 (base 7) to base 14.
-1
Convert -4 (base 11) to base 4.
-10
What is 224 (base 6) in base 16?
58
0 (base 15) to base 2
0
Convert 0 (base 5) to base 10.
0
Convert -29 (base 10) to base 7.
-41
-3 (base 14) to base 2
-11
What is -2 (base 6) in base 2?
-10
Convert 0 (base 7) to base 2.
0
0 (base 12) to base 6
0
Convert -232 (base 5) to base 12.
-57
-1 (base 7) to base 13
-1
-10 (base 5) to base 12
-5
-14 (base 7) to base 13
-b
What is -6 (base 13) in base 15?
-6
Convert 50 (base 11) to base 10.
55
-123 (base 4) to base 7
-36
Convert 2 (base 3) to base 5.
2
What is 10011 (base 2) in base 4?
103
Convert 335 (base 7) to base 13.
104
What is 12 (base 6) in base 12?
8
Convert 15 (base 10) to base 7.
21
-103 (base 5) to base 6
-44
-2133 (base 5) to base 9
-355
e (base 15) to base 6
22
-34 (base 10) to base 14
-26
Convert -1312 (base 5) to base 16.
-cf
What is -16 (base 14) in base 9?
-22
Convert 0 (base 15) to base 3.
0
Convert -66 (base 14) to base 11.
-82
What is 2 (base 6) in base 3?
2
Convert 0 (base 5) to base 2.
0
Convert -2102 (base 3) to base 7.
-122
Convert 1001 (base 2) to base 13.
9
What is 4 (base 16) in base 15?
4
9 (base 12) to base 4
21
What is 14 (base 7) in base 3?
102
Convert 1 (base 11) to base 16.
1
Convert 24 (base 11) to base 16.
1a
1a (base 16) to base 11
24
14 (base 16) to base 8
24
Convert -212 (base 3) to base 7.
-32
-10 (base 2) to base 6
-2
What is -10 (base 5) in base 15?
-5
What is 1 (base 4) in base 3?
1
Convert 45 (base 6) to base 4.
131
What is 4 (base 15) in base 6?
4
3 (base 16) to base 2
11
Convert -21 (base 4) to base 11.
-9
ad (base 16) to base 10
173
What is 3 (base 6) in base 2?
11
What is -15 (base 11) in base 10?
-16
-2130 (base 4) to base 8
-234
0 (base 11) to base 4
0
0 (base 7) to base 9
0
39 (base 12) to base 5
140
6 (base 14) to base 6
10
Convert -3 (base 12) to base 2.
-11
-1001101 (base 2) to base 3
-2212
-4 (base 7) to base 2
-100
Convert d3 (base 14) to base 2.
10111001
-1 (base 3) to base 16
-1
Convert -10 (base 9) to base 14.
-9
15 (base 8) to base 3
111
Convert 201 (base 3) to base 9.
21
What is 13 (base 8) in base 11?
10
What is -2c (base 16) in base 13?
-35
4 (base 12) to base 6
4
255 (base 6) to base 3
10222
-4 (base 11) to base 8
-4
0 (base 2) to base 14
0
Convert 53 (base 11) to base 2.
111010
-48 (base 14) to base 5
-224
Convert -11 (base 6) to base 5.
-12
100 (base 3) to base 15
9
Convert -2 (base 14) to base 5.
-2
Convert -6 (base 16) to base 8.
-6
What is -10 (base 3) in base 2?
-11
What is -4 (base 12) in base 8?
-4
-e (base 16) to base 11
-13
33 (base 8) to base 11
25
-a9 (base 11) to base 16
-77
-4 (base 6) to base 2
-100
Convert -a3 (base 13) to base 3.
-11221
What is -109 (base 12) in base 11?
-12a
0 (base 4) to base 13
0
What is -b (base 12) in base 16?
-b
150 (base 12) to base 8
314
-1 (base 9) to base 7
-1
15 (base 8) to base 9
14
What is -30 (base 6) in base 10?
-18
201 (base 4) to base 14
25
-169 (base 13) to base 6
-1104
19 (base 14) to base 3
212
Convert -1101 (base 2) to base 13.
-10
What is 0 (base 13) in base 9?
0
What is 173 (base 8) in base 9?
146
-29 (base 10) to base 5
-104
What is 11 (base 10) in base 14?
b
What is 167 (base 9) in base 10?
142
-2 (base 12) to base 13
-2
Convert -9 (base 14) to base 6.
-13
54 (base 7) to base 11
36
-1111010 (base 2) to base 14
-8a
Convert 24 (base 5) to base 15.
e
-4 (base 12) to base 5
-4
14 (base 9) to base 10
13
-1110 (base 2) to base 15
-e
-1122 (base 3) to base 2
-101100
-44 (base 7) to base 15
-22
What is 1 (base 15) in base 13?
1
What is 3 (base 10) in base 3?
10
Convert -55 (base 16) to base 6.
-221
-5 (base 8) to base 7
-5
2 (base 6) to base 4
2
What is -11010 (base 2) in base 6?
-42
What is 12 (base 3) in base 8?
5
Convert 102 (base 4) to base 9.
20
-1 (base 8) to base 4
-1
-12 (base 8) to base 15
-a
-7 (base 13) to base 6
-11
What is 1db (base 14) in base 7?
1064
93 (base 15) to base 12
b6
Convert -1 (base 16) to base 6.
-1
2 (base 8) to base 7
2
Convert 18 (base 10) to base 13.
15
1210 (base 4) to base 12
84
-6a (base 15) to base 6
-244
-4b (base 13) to base 3
-2100
Convert 211 (base 3) to base 15.
17
What is -100111 (base 2) in base 7?
-54
Convert 0 (base 12) to base 3.
0
What is -213 (base 5) in base 4?
-322
-18 (base 16) to base 3
-220
What is 5 (base 8) in base 4?
11
Convert -130 (base 5) to base 10.
-40
What is -341 (base 9) in base 16?
-118
Convert -5 (base 11) to base 9.
-5
Convert -4 (base 9) to base 16.
-4
Convert -1 (base 16) to base 8.
-1
-31 (base 5) to base 7
-22
What is 2 (base 14) in base 15?
2
What is 3 (base 7) in base 13?
3
What is 20 (base 4) in base 13?
8
Convert -42 (base 9) to base 13.
-2c
What is 15 (base 16) in base 11?
1a
-2 (base 4) to base 9
-2
What is -7 (base 9) in base 16?
-7
Convert -111 (base 2) to base 12.
-7
Convert 0 (base 7) to base 9.
0
Convert 19 (base 12) to base 14.
17
What is -4 (base 6) in base 3?
-11
What is 3a (base 13) in base 4?
301
-6 (base 11) to base 9
-6
What is 1 (base 8) in base 15?
1
Convert 1 (base 11) to base 14.
1
Convert 10010 (base 2) to base 6.
30
10 (base 3) 